3*a, 5*t + 4*a - 418 = 3*a. Let k = t - 80. Suppose 2*d = -u + 13, u = 3*u - k*d + 9. Let j(y) = y**3 - y**2 - y - 2. Calculate j(u).
13
Let f(t) be the second derivative of -t**4/6 + 5*t**3/3 + 4*t - 4. Let p be f(5). Let l(d) = d**2 + d - 14. Calculate l(p).
-14
Let n(l) = -l. Let s(d) = d**2 + 3*d - 1. Suppose p = -p + 10. Let h be s(p). Let m = -39 + h. Calculate n(m).
0
Let d(s) = 6*s**2 - 4*s + 4. Let v(y) = -181*y - 177. Let x be v(-1). Calculate d(x).
84
Suppose -92*w - 3344 = -3252. Let l(r) = 15*r - 9. Determine l(w).
-24
Let r(k) = 12 - 2*k**2 + 148*k + 0*k**2 + k**2 - 162*k. Determine r(-13).
25
Suppose -28*w + 24*w = -2*r, -4*r - 26 = 5*w. Let a(x) = -3*x**3 - 3*x**2 - 7*x - 6. What is a(w)?
20
Let s(w) = -w**3 + 3*w**2 + 2*w + 8. Suppose 4*r - 43 = -r - y, 5*r = -4*y + 37. Let a be (-4)/(1 - (r + -7)). Give s(a).
0
Let w(s) = 116876 - 116879 + s - 11*s**2 - 6*s - s**3. Calculate w(-10).
-53
Let g(s) = 52*s + 29 + 60*s - s**2 - 107*s + 16*s. What is g(23)?
-17
Let y be (-4 + 3)/(0 + 1). Let h(u) = -1 - 51656*u**3 + 6*u**2 + 51692*u**3 - 4*u**2. Calculate h(y).
-35
Let z(w) = 174*w**3 - 59*w**3 + 12*w - 56*w**3 - 58*w**3 - 2 - 6 - 8*w**2. Suppose -5*t + v + 32 = 0, 4*t - 8*v = -11*v + 18. What is z(t)?
-8
Let l(b) = -153*b + 94. Let k be l(-5). Let v(z) = 3 + 289*z + 286*z + 286*z - k*z. What is v(-2)?
-1
Let k(b) = -b**2 + 14*b + 4. Let d(o) = -13 + 9*o**3 + 13*o**3 + 16*o - 29*o**2 - 20*o**3. Let t be d(14). Calculate k(t).
-11
Let k(z) = -7*z**3 - 3*z**2 + 4*z + 7. Let l be ((-90)/(-10) - -4) + -7 - (8 + -1). Calculate k(l).
7
Let g(f) = -f**3 + 5*f**2 + 4*f + 8. Let t be (10 - (-3 - -5)) + (-3 - 0). Determine g(t).
28
Suppose 0 = -r - 11*r + 36. Suppose -4*f + 45 = -r*y - 2*y, 0 = 3*f - 15. Let x(l) = -l - 3. Give x(y).
2
Let q(h) = 7*h**2 - 70*h + 124. Let x be q(2). Let f(l) = -4*l**2 - 10*l - 12. Let t(i) = 3*i**2 + 10*i + 13. Let m(a) = -4*f(a) - 5*t(a). Give m(x).
7
Let n(a) = a - 8. Let k = -921 + 909. Calculate n(k).
-20
Let z(f) = -2*f**2 + 17*f - 104. Let j(w) = w**2 - 9*w + 60. Let o(k) = -11*j(k) - 6*z(k). What is o(0)?
-36
Suppose -5*h - l + 57 = 0, -4*h - 200*l + 68 = -196*l. Let g(j) be the third derivative of -h*j**2 - 1/6*j**3 + 1/60*j**5 + 1/8*j**4 + 0*j + 0. Give g(-4).
3
Let t(u) = -9*u**2 - u - 1. Let g(m) = 1. Let i(x) = 10*x**2 + x + 7. Let f(k) = -6*g(k) + i(k). Let s(w) = 5*f(w) + 6*t(w). Give s(-1).
-4
Let z(k) be the second derivative of -3*k**5/20 - 3*k - 26. Let t be z(1). Let l(c) = c**2 + 7*c + 4. Give l(t).
-8
Let m(i) = 19*i**2 + 2*i - 1. Suppose -y - 4 + 11 = 2*s, 3*y - 3*s + 6 = 0. Calculate m(y).
20
Let k(u) = -u**3 - u**2 + u - 4. Let a be k(-3). Let t = a + -6. Let j(y) = 60*y - 37. Let f(o) = 99*o - 64. Let z(n) = -3*f(n) + 5*j(n). Determine z(t).
22
Let h(j) = -j**3 - 6*j**2 + j + 14. Suppose p + 12 = -2*x, -5*p + 637*x = 642*x + 45. Give h(p).
8
Suppose -4*w - g = -17, 0 = -9*w + 11*w - 5*g - 3. Let o(i) = 8619*i + 1 - 8613*i + w. Suppose 4 + 16 = -5*a. Calculate o(a).
-19
Let y be (-3 - -2)*(-17 - -15). Let m(p) = 6*p**2 - 6*p - 12*p**2 + 5 + 12*p**y + p**3 - 2. Give m(-6).
39
Let k = 11/56 - 41/280. Let q(s) be the second derivative of 14*s - k*s**5 + 0 + 2*s**2 - 7/6*s**3 + 1/2*s**4. Determine q(4).
8
Suppose 0 = -8375*p + 8402*p + 54. Let j(w) = -w**3 - 7*w**2 - 2*w - 2. What is j(p)?
-18
Let n(k) = 2*k**2 - 2*k - 7*k**2 + k**3 - k. Suppose v + 6 = -d, 3*v = 121*d - 120*d - 34. Calculate n(d).
-28
Let o be (-84)/16*3/((-27)/12) - -12. Let f(i) = 13*i - 249. What is f(o)?
-2
Let p be 5/(-80)*4*1*(0 + 4). Let n(s) = 253*s - 22. Let y(i) = -36*i + 3. Let a(w) = 3*n(w) + 22*y(w). What is a(p)?
33
Let m(i) = 42*i + 508. Let n(t) = 14*t + 143. Let c(x) = 2*m(x) - 7*n(x). Give c(3).
-27
Let r(y) = 5*y**2 + 17*y - 6. Let c = 16693 - 16700. Calculate r(c).
120
Let w(i) = i**2 + 3*i - 11. Let a = 1439 - 1447. Calculate w(a).
29
Let g(q) be the first derivative of -1/60*q**5 - q**3 - 46 + 0*q + 45/2*q**2 - 1/4*q**4. Let s(j) be the second derivative of g(j). Determine s(-6).
-6
Let n(q) = 10*q**3 - 2*q + 2. Let r(f) = -439*f - 3072. Let w be r(-7). Give n(w).
10
Let j = -244 + 241. Let v be (j + -2 + 4)/(1 + 0). Let f(z) = 20*z. Determine f(v).
-20
Let h(i) = -4*i**2 - 10*i - 10. Let o(f) = 13*f**2 - 1. Let v(y) = -5*y**2 + 1. Let x(l) = -2*o(l) - 5*v(l). Let r(m) = -h(m) + 3*x(m). Calculate r(-9).
-8
Let o(g) = -3*g**3 - 3*g**2 + g - 15. Let c(i) = -i**3 - 2*i**2 + i - 7. Let j(n) = -5*c(n) + 2*o(n). Let p = -33 + 30. Let q = p - -7. Determine j(q).
-7
Let d = -2 + 4. Suppose -2*p = 4*z + 9 - 17, 11 = 5*z + 3*p. Let s(n) = n**2 - 33*n - n**3 - 1 + 3 + 31*n + z. Give s(d).
-5
Let w = -4 + 6. Let l be (-4 + w)*(3/(-6) - 1). Let o(y) = 4*y. What is o(l)?
12
Let c = -38 - 15. Let u = c + 58. Suppose 0*g = u*g + 35. Let j(q) = q + 7. What is j(g)?
0
Let x(n) = n**3 + 9*n**2 + 10*n + 12. Let m = 62 + -130. Suppose -190 = 3*v - 2*h, -v - 25*h = -29*h + 80. Let b = m - v. What is x(b)?
-4
Let b(r) = 2*r**3 + 3*r + 4. Let f(d) = -3*d**2 - 56*d + 20. Let u be f(-19). Let s(w) = -3*w**2 + 21*w - 20. Let q be s(u). Calculate b(q).
-18
Let f(r) = 2*r + 5*r**2 - 7 - 7*r**2 - r**3 - 3*r - 7*r**2. Let k be f(-9). Let l(g) = 8*g - 6*g - k*g - g. What is l(5)?
-5
Suppose 24 = -4*z - 4*x, -26 = 4*z - 6*x + 9*x. Let p(l) = -26*l - 209. What is p(z)?
-1
Let p(k) = k**2 - 74*k + 595. Let o be p(9). Let a(h) = 2*h**3 - 20*h**2 + h - 7. Calculate a(o).
3
Let q(t) = -6*t**2 + t + 10. Let d(y) = -13*y**2 + y + 22. Let a(v) = 3*d(v) - 7*q(v). What is a(-3)?
35
Let d = -5 - -13. Let y(i) = i**2 - 9*i + 2. Let s be (-1 + 1/(-3))/(238/(-1071)). Let j(k) = -2*k**2 + 18*k - 3. Let a(m) = s*j(m) + 13*y(m). Calculate a(d).
0
Let v(l) = 5*l**2 - 4*l - 2. Let p be -1*4/(-4 - -8). Calculate v(p).
7
Let u(n) = -88*n**2 + 12*n + 9. Let p(c) = 15*c**2 + c + 1. Let w(j) = 6*p(j) + u(j). Calculate w(-9).
15
Let d(p) = 4*p**2 + 10*p + 7. Let q(c) be the second derivative of 3*c**4/4 + 10*c**3/3 + 13*c**2/2 + 76*c. Let i(k) = -5*d(k) + 2*q(k). What is i(-6)?
-21
Let r(t) be the second derivative of -t**7/2520 - t**6/80 - t**5/10 + 25*t**4/6 - 75*t. Let b(i) be the third derivative of r(i). What is b(-9)?
-12
Let d(p) be the second derivative of p**4/6 - p**3 + 3*p**2 + 306*p. Calculate d(4).
14
Let r(o) = -9*o - 185998*o**3 + 8*o**2 + 12 + 185999*o**3 - 23. Give r(-8).
61
Let z(m) = 7*m**3 + m**2 - 2*m + 1. Let a(i) = i**3 - 4*i**2 + i - 3. Let w be a(4). Suppose -13 = 13*g - 26*g. Let d be g - 0/(((-12)/w)/4). Determine z(d).
7
Let w = 454 - 79. Let j = w - 363. Let s(k) = -k**2 + 13*k + 13. Give s(j).
25
Let x(a) = -a**2 + a - 1. Let h = 10 - 12. Let s(i) = -i**2 - 3*i - 4. Let q(g) = h*x(g) - s(g). Let j be q(0). Let f(u) = u**2 - 5*u + 3. Give f(j).
9
Let d(a) be the first derivative of -1/2*a**2 - 1/4*a**4 + 1/3*a**3 + 0*a - 12. Let t be 0 + -1 - (-2 - -1). Calculate d(t).
0
Let k(t) be the first derivative of -t**4/12 - 17*t**3/6 - 18*t**2 + 289*t - 209. Let w(a) be the first derivative of k(a). Determine w(-15).
-6
Let j(w) = -9 + 575*w + 21*w**2 - 591*w - 23*w**2. Suppose -17 = 5*a + 18. What is j(a)?
5
Let i = -2 + 0. Let k(l) be the first derivative of -l**3 - l**2 - 3*l + 32213. What is k(i)?
-11
Let n(h) = -h**2 - 37*h + 121. Let w(o) = 2*o**3 + 10*o**2 + 28*o + 8. Let m be w(-3). Give n(m).
1
Let k(m) = 3*m**2 + 14*m + 42. Let c(d) = d**2 - 2. Let v(g) = -2*c(g) + k(g). Let r be v(-10). Let x(u) = u**2 - 5*u - 2. Determine x(r).
4
Let k be 5/15 + (-153)/297 - (-634)/(-22). Let m(x) = -x**3 - 30*x**2 - 28*x + 5. What is m(k)?
-24
Let d = -128 - -122. Let l be 4 + (d/6)/((-2)/4). Suppose l*a + a - 7 = 0. Let v(o) = -7*o. Give v(a).
-7
Suppose 14*q + 25 = 95. Let u(i) = q*i + 304*i**2 - 601*i**2 + 296*i**2 - i**3. Suppose -9 = 5*k + 11. Give u(k).
28
Let c(k) = -16*k. Suppose 110 + 23 = 19*j. Let t be (4/j)/(34/(-119)). Calculate c(t).
32
Suppose o - 1 = -2*t, o - 3 - 5 = 5*t. Let a(w) = -7*w**2 - 10*w**2 - w + 19*w**2 - o. Calculate a(3).
12
Suppose 2*z - 54 = -4*c, 0 = -3*z - z - 5*c + 96. Let h(q) = 10*q - 13*q**3 + z*q**3 + 2 - 7*q**3 + 6*q**2. Calculate h(7).
23
Let d(t) = -t**3 + 8*t**2 + t. Let i = -236 + 232. Let n(r) = 0 - 1 + 7*r**2 - r**3 + 2*r + 2. Let z(f) = i*d(f) + 5*n(f). What is z(5)?
-15
Let l be 1053 + (